*2 + 4*d + 8*d - 3*d + 2*d. Is o(-34) a prime number?
True
Let m be -1 + -1 + 1624*(-4)/4. Let s = -879 - m. Suppose -s = -2*j + 611. Is j composite?
True
Let q = 1388 - 1153. Suppose 0 = -k + 3 + 1. Suppose q = k*a - 137. Is a a prime number?
False
Suppose -33*l + 42*l - 144 = 0. Suppose 4*c + 116268 = l*c. Is c prime?
True
Suppose 24*d + 25 = 19*d. Let a = d - -10. Suppose -a*s - o + 1893 = 0, 0 = 5*s - 3*s + o - 756. Is s a prime number?
True
Let j(h) = 27*h - 51. Let v be j(2). Suppose -v*p - 3*g = -24, 3*p + g - 49 = 3*g. Is p a composite number?
False
Suppose 5*p = -4*b + 1195715, -245 + 270 = -5*b. Is p prime?
True
Let u = -9449 - -25830. Let l = u - -1314. Is l a composite number?
True
Is (1/(-6))/(429/(-234488826)) composite?
False
Suppose 37*c - 431027 = 36*c - 2*h, 5*h - 45 = 0. Is c a prime number?
False
Suppose 0 = 31*m - 37058 - 31483. Let i = -1431 - -563. Let d = m + i. Is d a prime number?
False
Let a(s) = 4383*s - 3. Let y be a(1). Let r = -473 + y. Is r prime?
True
Let z = 3145 - 1183. Let a = z - 1141. Is a prime?
True
Suppose -229*k - 16990 = -219*k. Let a(y) = -838*y**2 + 2*y + 2. Let z be a(-2). Let t = k - z. Is t a composite number?
True
Let j = 13773 + -2684. Is j a prime number?
False
Suppose 8 = 4*g - 2*n, 3*g + 4*n + 11 = 17. Is 2839 - (g - -7 - 3) prime?
True
Let h = 379 + -192. Let m(p) = -23*p + 132. Let l be m(-22). Let c = l - h. Is c a composite number?
True
Suppose -6*j = -2056 + 784. Let p be j + (3 - -4 - 4). Suppose -142 = -3*u + p. Is u composite?
True
Is (909/54)/((-1)/(-1614) + 0) prime?
False
Suppose 0 = 4*z + 3*f + 6 - 19, 0 = -3*z + 5*f + 17. Suppose 4*v + 4*s - 64 = 12, -3*v - z*s + 57 = 0. Suppose -q + v + 94 = 0. Is q composite?
False
Suppose 9*w - 1204285 = -232591. Suppose -7194 = -8*g + w. Is g composite?
True
Suppose 7*s + 28*s - 2673344 = -29*s. Is s a composite number?
False
Let g(i) = 1911*i**2 - i + 5. Let j be g(-2). Let x be (-8)/(-3)*43110/24. Let u = j - x. Is u a composite number?
False
Let i(r) = 552*r - 43. Let g be i(8). Let p = -1080 + g. Is p composite?
True
Suppose 5*n = -3313 + 512268. Is n a composite number?
True
Let k(p) = -p**2 - 7*p - 2. Let j be k(-6). Suppose -t + 5*o + 7 = 0, -5*o + 2 - 15 = -j*t. Suppose -t*q = -0*q - 574. Is q composite?
True
Let q(v) = v + 3. Let t(c) = c - 11. Let x be t(4). Let k be q(x). Is 46512/156 + k/26 composite?
True
Suppose 6*p - 29 = -11. Let t(l) = 2*l**2 - 3*l - 13. Let b be t(p). Is -2 - -3 - -114 - b composite?
True
Suppose 30 = -105*m + 95*m. Let i(n) = 6*n**2 + 2*n + 2. Let y be i(-3). Let o = m + y. Is o composite?
False
Suppose 14*g + 40 = -310. Let o = -34 - g. Is -1*(1 + o/6)*1318 a composite number?
False
Suppose -2*l = 0, -5*f + 2*l = -f - l - 216436. Is f composite?
True
Let k = -108 + 113. Suppose -k*s + 13270 = -5*b, b - 6*b = -s + 13258. Is b/(-7) - ((-80)/(-14) - 6) prime?
True
Let t(s) = -4183*s**3 - 58*s**2 - 114*s - 3. Is t(-2) a composite number?
False
Suppose 501 = 14*f + 165. Let d(h) = 8*h**2 - 92*h - 43. Is d(f) composite?
False
Let c be 1/(-3)*-3 - 1. Let j(g) = 25*g + 2705. Is j(c) prime?
False
Let n = 443391 - 141710. Is n a composite number?
False
Is (-1)/((-4)/24*-9) + (-5277998)/(-66) prime?
False
Suppose 849 - 95 = -i + 2*b, 4*b = -4*i - 3076. Let p = -416 - i. Let r = 441 + p. Is r prime?
False
Suppose 6*s + 5*w + 28670 = s, -2*s = -w + 11480. Let o = -1399 - s. Is o a composite number?
False
Suppose 0 = 4*y - 5*y + 20. Let f be ((-12)/(-10))/(6/y) + -2. Suppose -f*q - 8 = -106. Is q prime?
False
Suppose 0 = 4*r - 9*r + 285. Let m = r - 102. Let k = m - -610. Is k prime?
False
Let x = -737 - -4768. Suppose 0 = d - 5*r - 646, 3*d + 144 = 4*r + 2060. Suppose x = 5*p + d. Is p a composite number?
True
Let k(q) = 419*q**3 - 8*q**2 - 22*q + 17. Is k(5) a prime number?
False
Let s(x) = 159*x**2 + 251*x + 1783. Is s(-7) prime?
True
Suppose 0 = -26*j - 111 - 19. Let z(i) = 248*i**2 - 7*i - 50. Is z(j) a composite number?
True
Suppose -63938763 = -143*t + 33592528. Is t composite?
False
Let m(w) = w**3 + 2*w**2 - 9*w - 10. Let l be m(-4). Let r(v) = 148*v + 2. Let g be r(l). Let h = 1407 + g. Is h a prime number?
True
Let q(w) = -6*w - 33. Let k = 49 + -55. Let x be q(k). Suppose -l = x*o - 1561, -2*o = 2*o + 2*l - 2080. Is o a composite number?
False
Let y be 6 - 2/(2/1). Suppose y*q - 28 = 2. Is (467840/28)/4 + q/(-42) composite?
False
Let u be (-610)/(-4)*(-148)/37. Let k = u + 924. Is k a composite number?
True
Suppose 636*s - 8684661 = 513*s. Is s a composite number?
False
Let p(y) = 497*y + 480757. Is p(0) prime?
False
Let a(i) = 50*i - 9*i**2 - 49*i + 39*i**2 - 3. Suppose -34*m + 38*m = 8. Is a(m) prime?
False
Let v(t) = -t**3 + 145*t**2 - 14*t + 111. Is v(38) composite?
False
Let d be 14/(-18) - -1 - 58/18. Let n = 202 - 114. Let g = d + n. Is g prime?
False
Suppose 28*n - 8815324 = 1730232. Is n a composite number?
False
Let q(x) = -6*x - 2. Let i be q(-2). Is 10146/10 + -12 + 4/i a composite number?
True
Let k = 1204147 + -629732. Is k a composite number?
True
Let s(c) = -2*c**2 - 10*c - 3. Let m be s(-4). Is 84/(-16) + m + 48999/12 prime?
False
Suppose 5*j + 18 - 1 = f, -3*f - j = -3. Let a be (-6)/14 + f + 9/21. Suppose 0 = -a*r - 480 + 2054. Is r prime?
True
Suppose 0 = -2*k + 4*t + 292578, -2*k + t + 2*t + 292579 = 0. Is k a composite number?
False
Let m(w) = 138*w**3 - w**2 + w + 3. Let t = 363 + -358. Is m(t) composite?
True
Suppose -26892 = -5*r + 4998. Suppose -r = 4*n - 14. Is (-8)/(-36) + n/(-9) composite?
True
Is 83047*(0 - (-15 + 14)) a prime number?
True
Suppose -178*r = -76*r - 88*r - 144466. Is r a prime number?
False
Let c be (-55 - 11)*(-2076)/9. Let k = c - 7617. Is k a composite number?
False
Let d = -40647 - -104540. Is d a prime number?
False
Is (3 - (-13 - -27)) + 497910 prime?
True
Let d = -61 - -95. Let l = -31 + d. Suppose 3*k = -6, l*y + 5*k - 1720 - 787 = 0. Is y composite?
False
Suppose 521 + 1794 = 5*n - 4*u, 0 = -4*n + 4*u + 1848. Let y = 729 - n. Let r = y - 3. Is r composite?
True
Suppose 5*m - 244812 = -a + 253703, -m + 99703 = -2*a. Is m a composite number?
True
Suppose 0 = 2*b - 5*g - 22978, -14249 - 8713 = -2*b - 3*g. Let k = b - 4683. Is k a prime number?
False
Let n(h) = -5*h - 13. Let s be n(-3). Let x be -5 - -5 - 2088/(-4). Suppose -s*v = -x - 220. Is v a composite number?
True
Suppose 62*i = 69*i - 35. Suppose v = i*f - 135955, 0 = -37*f + 34*f - 5*v + 81573. Is f composite?
False
Suppose 3*z - 3*t = -3, -11*z + 5*t - 5 = -10*z. Suppose 607*l - 609*l + 118 = z. Is l a composite number?
False
Let p(b) = 3*b**2 + 5*b + 32. Let n be p(13). Suppose g - 1635 = -w - 3*w, 2*g = 5*w - 2060. Let h = n - w. Is h a prime number?
False
Suppose 0 = -4*w + 7*i - 4*i + 93848, 4*i = -3*w + 70361. Is w a composite number?
False
Is (-192)/864 - (1707594/(-27) - -3) prime?
True
Let p be ((-2)/(-7) + 117/(-91))*-8. Let y(l) = 17*l**3 + 2*l**2 + 3*l + 29. Is y(p) a prime number?
False
Let n(t) be the first derivative of -t**4/4 + t**3 + 5*t + 20. Let h be n(3). Suppose x - j + 73 = 460, 0 = -h*x - j + 1947. Is x prime?
True
Let z(u) be the third derivative of -u**6/120 - u**5/60 - u**3/6 - 15*u**2. Let a be z(-1). Is (4445/(-10))/a*2 prime?
False
Let s = 337831 + 33040. Is s a prime number?
True
Let z(f) = -2*f + 2. Let m be z(-5). Is (-2)/8 + 25335/m a prime number?
True
Suppose 101*a - 546946 = -137795. Is a a prime number?
True
Let d(b) = 419*b - 95. Let j be d(10). Let s = 6664 - j. Is s prime?
False
Let m(n) = -4*n**2 + 5*n + 5. Let j be m(-4). Let a = 80 + j. Is (926*a/(-2))/(-1) a prime number?
True
Let t(z) = -18*z**2 - 14873*z + 14827*z + z**3 - 6 - 10*z**3. Is t(-11) composite?
False
Let x(i) = -i**3 + 10*i**2 + 9*i + 7. Let r(j) = j**3 - j**2 - j. Suppose -3*o - 5*k = 0, 5 + 9 = -o + 3*k. Let s(q) = o*r(q) - x(q). Is s(-4) composite?
True
Let q(m) = 15*m**2 + 60*m + 163. Is q(109) prime?
False
Suppose -g - 25211 = -m, -35742 + 10516 = -m + 4*g. Suppose 9*w - m = 4647. Is w composite?
True
Let h be -28 - -40 - (-2 - -9). Is (-10694)/((-5 - h)/5) a prime number?
True
Let a(n) = -n**3 + 4*n**2 - 5*n + 8. Let g be a(3). Let y be (0/(-1 - -2))/g. Suppose y = 3*q + 3*t - 93, q - t = -2*q + 73. Is q composite?
True
Let a(g) = -41*g + 2. Let d be a(-1). Let u = 37 - d. Is (191